22212201121222
In base 9, what is 3 - 3778402?
-3778388
In base 16, what is 121614a - -2?
121614c
In base 8, what is -356201 + 50?
-356131
In base 15, what is -3 + -245696?
-245699
In base 9, what is -1814 + -21352?
-23266
In base 7, what is 430222 - -10110?
440332
In base 10, what is 18200 - 293?
17907
In base 14, what is 74 + 12d729?
12d79d
In base 8, what is 4 - 6661214?
-6661210
In base 16, what is -24 - d2ca42?
-d2ca66
In base 10, what is 18 + 1785672?
1785690
In base 14, what is -a - 494b52?
-494b5c
In base 9, what is 543852 - 115?
543736
In base 13, what is 33b + 5ba71?
5c0ac
In base 10, what is 21849 + -43?
21806
In base 9, what is 3412827 + 3?
3412831
In base 7, what is -3 - -23536666?
23536663
In base 8, what is 440771 - -2?
440773
In base 9, what is -12637361 - 2?
-12637363
In base 3, what is -10022201002200 + 2?
-10022201002121
In base 13, what is 35770a + -2b?
3576ac
In base 11, what is -3a99 + -1692?
-5680
In base 3, what is -200100200211 + 2122?
-200100121012
In base 11, what is -7488 + 66?
-7422
In base 14, what is 1 + b79514?
b79515
In base 3, what is -1101 - 122020001201101?
-122020001202202
In base 12, what is 623 - -75b44?
76567
In base 2, what is 1101000011110 - 100101011100?
1000011000010
In base 15, what is 822a52 + 1?
822a53
In base 11, what is 48945 - 166?
4878a
In base 3, what is 122122 - 1200110211?
-1122211012
In base 4, what is 1123 + -1012102033101?
-1012102031312
In base 15, what is -1289c8 + 77?
-128951
In base 5, what is -1221221132304 - 0?
-1221221132304
In base 7, what is 4010 - 132202?
-125162
In base 14, what is cc - 11cac?
-11bc0
In base 16, what is 0 - 440663?
-440663
In base 2, what is -1101000 + 1010000010000001110110?
1010000010000000001110
In base 13, what is 1609a149 - -1?
1609a14a
In base 12, what is 110 + -31218?
-31108
In base 6, what is 2023145254 - 13?
2023145241
In base 4, what is 203113 + -330132311?
-323323132
In base 4, what is -2103 + -2122213013?
-2122221122
In base 4, what is 201132301 - 1?
201132300
In base 13, what is -580a - -169?
-5671
In base 10, what is -6 - 1865646?
-1865652
In base 16, what is -29b + -a06d0?
-a096b
In base 13, what is 33139 + -3425?
2ca14
In base 14, what is 105d2c + 316?
106244
In base 14, what is -1a2 - -d5ab?
d409
In base 3, what is 122112100021121 - 2?
122112100021112
In base 12, what is 42a1 + -37a?
3b23
In base 10, what is -138 - 76047?
-76185
In base 6, what is -412504 + -122310?
-535214
In base 7, what is -361 - -54434?
54043
In base 7, what is 641 + 4661662?
4662633
In base 7, what is 6261 + 202?
6463
In base 16, what is -12ec - 40fdd?
-422c9
In base 6, what is -4 + -11405004415?
-11405004423
In base 10, what is 36218 - -527?
36745
In base 14, what is b7 + 1748c3?
17499a
In base 10, what is -5 - 2206931?
-2206936
In base 10, what is 106275160 - -2?
106275162
In base 10, what is 610695770 + -3?
610695767
In base 4, what is 12 - 3003020?
-3003002
In base 13, what is -c - c24a03?
-c24a12
In base 7, what is -14 + -14023410?
-14023424
In base 4, what is -1 - 2233120300023?
-2233120300030
In base 2, what is 10011010001001000010011101010 - -100?
10011010001001000010011101110
In base 8, what is -135132 + -51?
-135203
In base 8, what is -1306402 + -61?
-1306463
In base 15, what is 65d16b - 18?
65d153
In base 12, what is -44954 + -39?
-44991
In base 4, what is -2100 - -102011?
33311
In base 15, what is -53 + 5188b?
51838
In base 16, what is -2e6c - 4c7?
-3333
In base 4, what is -32323 - 1011330?
-1110313
In base 8, what is -143 + -6346?
-6511
In base 16, what is -a449 + -765?
-abae
In base 16, what is -8af - bce6?
-c595
In base 15, what is -395 + -6dc05?
-6e09a
In base 11, what is 4 + 6713910?
6713914
In base 4, what is 1001021100 + 3220?
1001030320
In base 11, what is 361 + -21164?
-20903
In base 11, what is 618a59 - -35?
618a93
In base 11, what is 6521589a + -3?
65215897
In base 4, what is -213220322 - 203?
-213221131
In base 2, what is 11111011100001 + 100000110101001?
1000000010001010
In base 6, what is 110 - 110442212?
-110442102
In base 6, what is -24123522001 - 1?
-24123522002
In base 9, what is -1702 - 5422?
-7224
In base 4, what is -10 - 100100031?
-100100101
In base 10, what is -29 + 420753?
420724
In base 2, what is 100110001110000 - 1000001?
100110000101111
In base 14, what is 1d7433c77 - -3?
1d7433c7a
In base 2, what is 10110 + -11100110100110100101101?
-11100110100110100010111
In base 13, what is 18a - 70ca01?
-70c844
In base 7, what is -140155 - 53?
-140241
In base 2, what is -110010101111111101000000 - 100?
-110010101111111101000100
In base 9, what is -12626 + 7812?
-3714
In base 16, what is ce901 - 18?
ce8e9
In base 6, what is -35 - 11224301?
-11224340
In base 4, what is 1211211321332 + -33?
1211211321233
In base 6, what is 4113102105 + -5?
4113102100
In base 14, what is 4 - 276d50?
-276d4a
In base 10, what is -100374 + -26?
-100400
In base 7, what is 3003 + -26303?
-23300
In base 7, what is -12044035 - -4?
-12044031
In base 9, what is -5186006 - 0?
-5186006
In base 6, what is -4 + 25234455121?
25234455113
In base 10, what is -3 + 2814751?
2814748
In base 8, what is 33 + -165054440?
-165054405
In base 3, what is 222 - -11021211022?
11021212021
In base 15, what is -152 + -2cd048?
-2cd19a
In base 14, what is -17 + -272b5?
-272cc
In base 11, what is -1a6 - -385417?
385221
In base 5, what is -4440102 + -1223?
-4441330
In base 4, what is -10111032 + -31330?
-10203022
In base 15, what is -1060 + 29e?
-cb1
In base 9, what is 62 + 6361571?
6361643
In base 15, what is -100052 - -2?
-100050
In base 13, what is 5 + -1814444?
-181443c
In base 13, what is 25cc73 - -15?
25cc88
In base 15, what is -239d75d + -2?
-239d760
In base 2, what is 1110001100 - -10011010100011?
10101000101111
In base 13, what is 1 - -10400ca0?
10400ca1
In base 13, what is -1178 - c0cc?
-10277
In base 4, what is -203331110203 - -12?
-203331110131
In base 14, what is 6a8212 + -4?
6a820c
In base 16, what is -57 - -16451?
163fa
In base 4, what is 202000013111302 - 11?
202000013111231
In base 4, what is -2132020100132 + -31?
-2132020100223
In base 5, what is 230124244021 + 1?
230124244022
In base 8, what is -62 - 44734246?
-44734330
In base 2, what is -11001000110111011 - 10000?
-11001000111001011
In base 4, what is -12 + 100303330330?
100303330312
In base 12, what is 402780a + 3?
4027811
In base 11, what is -26 + -773030?
-773056
In base 12, what is 137643 - 0?
137643
In base 3, what is 1021221020212002200 + -2?
1021221020212002121
In base 11, what is -a9 + 422940?
422842
In base 8, what is 10621 + 2?
10623
In base 15, what is -1e + -8c2125?
-8c2144
In base 7, what is -13 + -16036530?
-16036543
In base 5, what is -24 - -2430303024?
2430303000
In base 3, what is 12 - -1210012100012012?
1210012100012101
In base 2, what is 1000101110110111000010111 + 100101?
1000101110110111000111100
In base 11, what is 8 + -317a5a?
-317a52
In base 15, what is 2 + 28a0b46?
28a0b48
In base 8, what is -6 + -16746125?
-16746133
In base 16, what is 2 - -5a7fd0c?
5a7fd0e
In base 11, what is 5600 + -14618?
-a018
In base 8, what is -127 - -1020325?
1020176
In base 5, what is 300140 - -330230?
1130420
In base 16, what is 0 + 307ff?
307ff
In base 11, what is 8 + -531409?
-531401
In base 11, what is -8 - -433243?
433236
In base 6, what is 30353 + -151054?
-120301
In base 3, what is -12210200200220 + 10?
-12210200200210
In base 6, what is 10154 + 1214335?
1224533
In base 5, what is 142012 + 122241?
314303
In base 15, what is -2 - 515d375?
-515d377
In base 13, what is 7 - 563cc?
-563c5
In base 4, what is -1031203103 - -311?
-1031202132
In base 3, what is 2211 - 102011020000110?
-102011012220122
In base 15, what is -1170 + -1db?
-135b
In base 14, what is -46352 - -12?
-46340
In base 10, what is 415 + 90520?
90935
In base 16, what is -6 + 157ccc2?
157ccbc
In base 16, what is 466 + -127c?
-e16
In base 3, what is 202111212202010 + -1020?
202111212200220
In base 2, what is -1000100 - -111110010111010110111?
111110010111001110011
In base 4, what is 2222113 - -101201?
2323320
In base 11, what is 23892 - 272?
23620
In base 11, what is -213 + -91930?
-92043
In base 5, what is -4 + -2243303414?
-2243303423
In base 15, what is 2616d + -a30?
2563d
In base 2, what is 100 + 10100011011011010010001000?
10100011011011010010001100
In b